3?
-12200110100
In base 13, what is -19c - -34?
-168
In base 3, what is 11 + 100121221?
100122002
In base 6, what is -315202 - -4?
-315154
In base 11, what is -1787 + -58?
-1834
In base 15, what is 30 + -2eb?
-2bb
In base 3, what is 100000002 + 20001?
100020010
In base 15, what is -3 - 27e25?
-27e28
In base 2, what is -1001 + -10001110001101010010?
-10001110001101011011
In base 4, what is -12 + 221020122?
221020110
In base 6, what is 15340 - 43?
15253
In base 11, what is -2 - -965?
963
In base 14, what is 77c4 + 2?
77c6
In base 12, what is -14285 + -6?
-1428b
In base 6, what is 2 + -324542?
-324540
In base 6, what is -114 + 10002?
5444
In base 14, what is 1241 - 410?
c31
In base 5, what is 103110 - -220?
103330
In base 12, what is -77a89 + -22?
-77aab
In base 16, what is -39 - -25b?
222
In base 3, what is -101002 + -2202001?
-10010010
In base 13, what is 23 - 15a8?
-1585
In base 11, what is -16 - 156a?
-1585
In base 6, what is 5 + 1101225?
1101234
In base 8, what is 3436545 + 1?
3436546
In base 14, what is -7907c + -5?
-79083
In base 2, what is 1010 + 1010100000001010?
1010100000010100
In base 3, what is -10210 - -2202220?
2122010
In base 9, what is 166 + -16?
150
In base 15, what is 59123 + -5?
5911d
In base 3, what is -2101101 + -2100?
-2110201
In base 16, what is -5 + 1ab?
1a6
In base 7, what is -46 - 15612?
-15661
In base 2, what is 1 - -1111110111010100?
1111110111010101
In base 3, what is 211 - 10012101?
-10011120
In base 3, what is -1012111 - 120?
-1020001
In base 15, what is -3 - 1603?
-1606
In base 5, what is 0 + 3020430?
3020430
In base 3, what is -12 - 101212221?
-101220010
In base 7, what is -41212 + 303?
-40606
In base 14, what is -803 + 620?
-1c3
In base 4, what is 22122223133 - 0?
22122223133
In base 5, what is -10 + -110121041?
-110121101
In base 9, what is 21 + 10180?
10211
In base 5, what is -1 - 4020113?
-4020114
In base 6, what is -1244325 + 2?
-1244323
In base 9, what is 24352 + 0?
24352
In base 10, what is 9015 - 12?
9003
In base 6, what is 1 + 4031231?
4031232
In base 8, what is 11 - 1063057?
-1063046
In base 11, what is -30541 - 4?
-30545
In base 13, what is -703077 - 1?
-703078
In base 13, what is 16 + 7b6?
7cc
In base 6, what is 101002 + -12?
100550
In base 6, what is 13330 - 203?
13123
In base 2, what is 1 - -10100000111010010?
10100000111010011
In base 7, what is 542 - -43545?
44420
In base 14, what is -7c42a - -9?
-7c421
In base 8, what is 0 - -27016?
27016
In base 9, what is 6 + -77224?
-77217
In base 15, what is 6bac + -16?
6b96
In base 3, what is 12 + 111021021002?
111021021021
In base 11, what is 8 - 20144?
-20137
In base 16, what is 2c9ae + -3?
2c9ab
In base 6, what is -42 + 43530?
43444
In base 16, what is 13fda - -4?
13fde
In base 6, what is 3 + 2353?
2400
In base 6, what is -41 - -2304101?
2304020
In base 3, what is -1201100102 + -1?
-1201100110
In base 7, what is 5 - -1454513?
1454521
In base 2, what is -11010111011110100110 + 1?
-11010111011110100101
In base 16, what is -1 - -51265?
51264
In base 7, what is 1 + 1030010?
1030011
In base 15, what is -7 - -3c7d?
3c76
In base 11, what is -58633 + -6?
-58639
In base 10, what is -4909 + 503?
-4406
In base 8, what is 2220 - -241?
2461
In base 10, what is 27 - -97946?
97973
In base 8, what is -152 + 21701?
21527
In base 14, what is -c28 - -2?
-c26
In base 7, what is 326505 - -5?
326513
In base 3, what is -1122211121 + -10?
-1122211201
In base 2, what is 11111 - 10111010001111110?
-10111010001011111
In base 10, what is -692 + 36?
-656
In base 9, what is 1 + -13451?
-13450
In base 9, what is 115 - 881?
-765
In base 9, what is 686 + -1168?
-372
In base 15, what is 3 - -7cd49?
7cd4c
In base 5, what is -41 + 2300102?
2300011
In base 5, what is -3343 - 3?
-3401
In base 11, what is 95 - 66?
2a
In base 6, what is -1 + -334114?
-334115
In base 8, what is 630 + -2115?
-1265
In base 14, what is 64ad - 0?
64ad
In base 2, what is -10000 + -1010011001101?
-1010011011101
In base 15, what is -4 + -a78d?
-a792
In base 6, what is -355422 - -5?
-355413
In base 2, what is 10101110 + 10111010?
101101000
In base 5, what is -104244 - 13?
-104312
In base 3, what is -1220 + -1212100?
-1221020
In base 14, what is 42 - -16cd?
1731
In base 11, what is 48a65 - -2?
48a67
In base 6, what is -1352 - -131?
-1221
In base 15, what is -1 + -3562?
-3563
In base 7, what is -56 + 1041?
652
In base 7, what is -12336 + -505?
-13144
In base 14, what is 32 - 3325?
-32d3
In base 10, what is -393 + 1935?
1542
In base 11, what is 100a - -59?
1068
In base 15, what is -70 - -9aa?
93a
In base 11, what is 49 + 579a?
5838
In base 13, what is -1a6 + 4661?
4488
In base 15, what is -d + -241e7?
-24205
In base 15, what is -9b2 - -5?
-9ac
In base 15, what is -869a - 6?
-86a1
In base 8, what is -4 - 26613?
-26617
In base 7, what is 12 - -22241?
22253
In base 9, what is 6 - -803?
810
In base 5, what is 10 + 12322200?
12322210
In base 6, what is 322 + -1422?
-1100
In base 14, what is 55d6 - 22?
55b4
In base 5, what is 10 + 21000?
21010
In base 2, what is -11001110111 + 1101010?
-11000001101
In base 9, what is 38 + 1047?
1086
In base 2, what is 100 + -11101111000010?
-11101110111110
In base 8, what is 0 + -15674?
-15674
In base 15, what is 197e8 + 4?
197ec
In base 11, what is -2736 - 1?
-2737
In base 15, what is -22 - 11cc8?
-11cea
In base 14, what is -39b - 4c?
-409
In base 6, what is 2 + 3102430?
3102432
In base 10, what is -242 + 18?
-224
In base 11, what is -17307 - -6?
-17301
In base 4, what is 231 + -2110?
-1213
In base 16, what is -4 - 1a5dd?
-1a5e1
In base 7, what is -46020 - -26?
-45661
In base 2, what is -101000001 + -11101?
-101011110
In base 9, what is 1574 + 1502?
3176
In base 11, what is 3 - 23976?
-23973
In base 6, what is -13 + 11124055?
11124042
In base 3, what is -10102 - 22101201?
-22112010
In base 12, what is 4603 - -85?
4688
In base 7, what is 5235 + -2023?
3212
In base 9, what is 258866 - 7?
258858
In base 9, what is -16461 - -3?
-16457
In base 4, what is -10 - 3033202221?
-3033202231
In base 11, what is -156aa + -30?
-1572a
In base 2, what is -100 - -1101011101011010?
1101011101010110
In base 4, what is 3200 + -13332?
-10132
In base 16, what is -2 + 1c067?
1c065
In base 3, what is -1121220211 - -10?
-1121220201
In base 9, what is 1570 + -275?
1284
In base 14, what is 105 - -32b?
432
In base 3, what is -11 + 202100212?
202100201
In base 9, what is 474873 - -1?
474874
In base 3, what is -1210001202 + 0?
-1210001202
In base 8, what is 153523 - 6?
153515
In base 8, what is 25044 + 27?
25073
In base 5, what is -310 + -10141?
-11001
In base 3, what is -22000 + -2002?
-101002
In base 10, what is 4 - 22087?
-22083
In base 2, what is 11010100 - 10010000110?
-1110110010
In base 10, what is -22791 - -3?
-22788
In base 4, what is 122110 - -2220?
130330
In base 10, what is -21 - -799?
778
In base 8, what is 600 - 20?
560
In base 10, what is -348 - -107?
-241
In base 3, what is -20021102212221 - 1?
-20021102212222
In base 10, what is 0 + 21156?
21156
In base 7, what is 26 + -246?
-220
In base 13, what is -9510a + -2?
-9510c
In base 13, what is -2c721 + 5?
-2c719
In base 13, what is -4b10 - -4?
-4b09
In base 5, what is -22200014 - 1?
-22200020
In base 14, what is -5 + c8ab?
c8a6
In base 6, what is 52525321 - -3?
52525324
In base 6, what is 431 + -5532?
-5101
In base 7, what is -351 - 404?
-1055
In base 3, what is 100 - -1212102021?
1212102121
In base 14, what is -3 - -1ab2?
1aad
In base 2, what is 110001 - 110100101011110?
-110100100101101
In base 5, what is -3 - -32011301?
32011243
In base 6, what is -10 - -10512552?
10512542
In base 12, what is -79 + 769?
6b0
In base 15, what is -1e9 - a2c?
-c26
In base 3, what is 22121220020 - -121?
22121220211
In base 14, what is -1322a3 - -5?
-13229c
In base 14, what is 7c - -2c?
aa
In base 11, what is -132 + 94?
-49
In base 16, what is -3 - -3513?
3510
In base 12, what is -8bb1 + -2b?
-9020
In base 10, what is 23922 - 8?
23914
In base 15, what is 2 - 1cdc8?
-1cdc6
In base 6, what is 5 + 2032120?
2032125
In base 11, what is -369007 + -5?
-369011
In base 4, what is 321 + 1113002?
1113323
In base 14, what is 26c29 - -2?
26c2b
In base 5, what is 11240 - 1223?
10012
In base 4, what is -23 - -131301022?
131300333
In base 11, what is 69 - 530?
-472
In base 3, what is 21012 - 1